{"id":18,"date":"2022-01-31T13:06:08","date_gmt":"2022-01-31T13:06:08","guid":{"rendered":"https:\/\/maspapelpiedras.com\/?page_id=18"},"modified":"2022-03-14T17:30:55","modified_gmt":"2022-03-14T17:30:55","slug":"politica-de-privacidad","status":"publish","type":"page","link":"https:\/\/maspapelpiedras.com\/index.php\/politica-de-privacidad\/","title":{"rendered":"Pol\u00edtica de Privacidad"},"content":{"rendered":"<p>[et_pb_section fb_built=\u00bb1&#8243; _builder_version=\u00bb4.14.7&#8243; _module_preset=\u00bbdefault\u00bb hover_enabled=\u00bb0&#8243; global_colors_info=\u00bb{}\u00bb background_color=\u00bb#f7f7f7&#8243; sticky_enabled=\u00bb0&#8243;][et_pb_row _builder_version=\u00bb4.14.7&#8243; _module_preset=\u00bbdefault\u00bb global_colors_info=\u00bb{}\u00bb][et_pb_column type=\u00bb4_4&#8243; _builder_version=\u00bb4.14.7&#8243; _module_preset=\u00bbdefault\u00bb global_colors_info=\u00bb{}\u00bb][et_pb_text _builder_version=\u00bb4.14.7&#8243; _module_preset=\u00bbdefault\u00bb global_colors_info=\u00bb{}\u00bb]<\/p>\n<p style=\"text-align: justify;\"><span style=\"font-size: xx-large;\"><strong>Pol\u00edtica de Privacidad<\/strong><\/span><\/p>\n<p style=\"text-align: justify;\"><strong>Identificaci\u00f3n<\/strong><\/p>\n<ul>\n<li style=\"text-align: justify;\">Titular: Emilio Jos\u00e9 P\u00e9rez Rebollo (NOMBRE COMERCIAL \u201cMASPAPEL\u201d)<\/li>\n<li style=\"text-align: justify;\">NIF: 71.878.290R<\/li>\n<li style=\"text-align: justify;\">Domicilio social: C\/ Jos\u00e9 Fernand\u00edn, 19, C.P. 33450 Piedras Blancas, Asturias.<\/li>\n<\/ul>\n<p style=\"text-align: justify;\">Encargado del tratamiento de protecci\u00f3n de datos: El Usuario puede contactar con la empresa mediante escrito dirigido al domicilio de \u201cMASPAPEL\u201d a la atenci\u00f3n del \u201cDelegado de Protecci\u00f3n de Datos\u201d.<\/p>\n<p style=\"text-align: justify;\"><strong>1. Declaraci\u00f3n de privacidad<\/strong><\/p>\n<p style=\"text-align: justify;\">MASPAPEL es consciente de la importancia que para usted supone el uso que hacemos de su informaci\u00f3n personal y el modo en que la compartimos. Esta Pol\u00edtica de privacidad tiene por objeto ayudarle a entender qu\u00e9 datos recopilamos, con que finalidad los tratamos y nuestros esfuerzos por protegerlos. Apreciamos la confianza que deposita en nosotros para que los tratemos con las garant\u00edas adecuadas y de conformidad a la normativa vigente.<\/p>\n<p style=\"text-align: justify;\">Los datos personales que facilite a trav\u00e9s de la p\u00e1gina Web ubicada en la URL www.maspapelpiedras.com (en adelante, el \u201cSitio Web\u201d) ser\u00e1n tratados como se describe en detalle a continuaci\u00f3n.<\/p>\n<p style=\"text-align: justify;\"><strong>2. Obligatoriedad de facilitar los datos\u00a0<\/strong><\/p>\n<p style=\"text-align: justify;\">Los datos solicitados en los formularios del Sitio Web son con car\u00e1cter general, obligatorios (salvo que en el campo requerido se especifique lo contrario) para cumplir con las finalidades establecidas. Por lo tanto, si no se facilitan los mismos o no se facilitan correctamente no podr\u00e1n atenderse las mismas, sin perjuicio de que podr\u00e1 visualizar libremente el contenido del Sitio Web.<\/p>\n<p style=\"text-align: justify;\"><strong>3. \u00bfQu\u00e9 datos del usuario tratar\u00e1 MASPAPEL?<\/strong><\/p>\n<ul>\n<li style=\"text-align: justify;\">MASPAPEL tratar\u00e1 las siguientes categor\u00edas de datos del Usuario:<\/li>\n<li style=\"text-align: justify;\">Datos identificativos: nombre, apellidos, DNI, direcci\u00f3n postal, direcci\u00f3n de correo electr\u00f3nico, tel\u00e9fono.<\/li>\n<li style=\"text-align: justify;\">Datos de navegaci\u00f3n, localizaci\u00f3n, direcci\u00f3n IP, direcci\u00f3n MAC.<\/li>\n<\/ul>\n<p style=\"text-align: justify;\">Asimismo, MASPAPEL tratar\u00e1 todos aquellos datos que sean facilitados por el Usuario cuando comparta un proyecto, idea o actividad.<\/p>\n<p style=\"text-align: justify;\">En caso de que el Usuario facilite datos de terceros, manifiesta contar con el consentimiento de los mismos y se compromete a trasladarle la informaci\u00f3n contenida en la Pol\u00edtica de Privacidad, eximiendo a MASPAPEL de cualquier responsabilidad en este sentido. No obstante, MASPAPEL podr\u00e1 llevar a cabo las verificaciones peri\u00f3dicas para constatar este hecho, adoptando las medidas de diligencia debida que correspondan, conforme a la normativa de protecci\u00f3n de datos.<\/p>\n<p><strong>4. \u00bfCon qu\u00e9 finalidad y cu\u00e1l es la legitimaci\u00f3n del tratamiento de los datos personales del usuario?<\/strong><\/p>\n<p>Los datos personales facilitados a trav\u00e9s del Sitio Web ser\u00e1n tratados por MASPAPEL, conforme a las siguientes finalidades:<\/p>\n<p>Finalidades basadas en el cumplimiento contractual: Con el objetivo de dar cumplimiento al servicio contratado, los datos facilitados por el Usuario en los formularios Web, ser\u00e1n tratados por MASPAPEL conforme a las siguientes finalidades:<\/p>\n<p>Gestionar, tramitar y dar respuesta a pedidos online, peticiones, solicitudes, incidencias o consultas del Usuario, cuando \u00e9ste facilite sus datos a trav\u00e9s de los formularios habilitados al efecto en el Sitio Web.<\/p>\n<p>Gestionar el env\u00edo de comunicaciones comerciales de terceras entidades colaboradoras, analizando para ello, los h\u00e1bitos de consumo del Usuario y segmentado la informaci\u00f3n lo que nos permitir\u00e1 poderle ofrecer la mejor experiencia adapt\u00e1ndonos a sus necesidades.<\/p>\n<p>Realizar de forma puntual encuestas de satisfacci\u00f3n sobre nuestro servicio o bien con el objetivo de conocer las preferencias del Usuario.<\/p>\n<p style=\"text-align: justify;\"><strong>5. \u00bfDurante cu\u00e1nto tiempo tratar\u00e1 MASPAPEL los datos del usuario?<\/strong><\/p>\n<p>MASPAPEL tratar\u00e1 los datos personales del Usuario, en cumplimiento del principio de limitaci\u00f3n del plazo de conservaci\u00f3n, durante el tiempo necesario para la prestaci\u00f3n de los servicios contratados y los conservar\u00e1 hasta que solicite su baja en la Plataforma, se oponga o revoque su consentimiento. Asimismo, y en aplicaci\u00f3n de las obligaciones establecidas en la normativa fiscal y el C\u00f3digo Civil, los datos del cliente ser\u00e1n conservados durante un plazo m\u00e1ximo adicional de 8 a\u00f1os tras la finalizaci\u00f3n de la relaci\u00f3n contractual.<\/p>\n<p>Asimismo, en cumplimiento de las obligaciones derivadas de la Ley 25\/2007, de 18 de octubre y del REGLAMENTO (UE) 2016\/679 DEL PARLAMENTO EUROPEO Y DEL CONSEJO de 27 de abril de 2016, de conservaci\u00f3n de datos relativos a las comunicaciones electr\u00f3nicas y a las redes p\u00fablicas de comunicaciones conservar\u00e1 la informaci\u00f3n de tr\u00e1fico y localizaci\u00f3n durante un plazo de 12 meses con el objetivo de cumplir con el deber de informaci\u00f3n en caso de recibir un requerimiento de la Autoridad Judicial.<\/p>\n<p style=\"text-align: justify;\"><strong>6. \u00bfA qu\u00e9 destinatarios se comunicar\u00e1n los datos del usuario?<\/strong><\/p>\n<p style=\"text-align: justify;\">Los datos del Usuario podr\u00e1n ser comunicados a:<\/p>\n<p>Las Administraciones P\u00fablicas en los casos previstos por la Ley. MASPAPEL, podr\u00e1 comunicar los datos personales del Usuario a las distintas autoridades en virtud de una obligaci\u00f3n legal, como puedan ser autoridades judiciales, fiscales y aduaneras, los Agentes Facultados y las entidades de los servicios de atenci\u00f3n de las llamadas de urgencia 112.<\/p>\n<p style=\"text-align: justify;\"><strong>7. Responsabilidad del usuario<\/strong><\/p>\n<p>El Usuario:<\/p>\n<p>Garantiza que los datos que facilita a MASPAPEL son verdaderos, exactos, completos y actualizados. A estos efectos, el Usuario responde de la veracidad de todos los datos que comunique y mantendr\u00e1 convenientemente actualizada la informaci\u00f3n facilitada, de tal forma que responda a su situaci\u00f3n real.<br \/>Garantiza que ha informado a los terceros de los que facilite sus datos, en caso de hacerlo, de los aspectos contenidos en este documento. Asimismo, garantiza que ha obtenido su autorizaci\u00f3n para facilitar sus datos a MASPAPEL para los fines se\u00f1alados.<\/p>\n<p style=\"text-align: justify;\">Ser\u00e1 responsable de las informaciones falsas o inexactas que proporcione a trav\u00e9s del Sitio Web y de los da\u00f1os y perjuicios, directos o indirectos, que ello cause a MASPAPEL o a terceros.<\/p>\n<p style=\"text-align: justify;\"><strong>8. Comunicaciones comerciales y promocionales<\/strong><\/p>\n<p style=\"text-align: justify;\">Una de las finalidades para las que MASPAPEL trata los datos personales proporcionados por parte de los Usuarios es para remitirles comunicaciones electr\u00f3nicas con informaci\u00f3n relativa a productos, servicios, promociones, ofertas, eventos o noticias relevantes para los Usuarios.<\/p>\n<p style=\"text-align: justify;\">Puede ejercer sus derechos de acceso, cancelaci\u00f3n, rectificaci\u00f3n y oposici\u00f3n mediante un escrito a nuestra direcci\u00f3n: MASPAPEL, C\/ Jos\u00e9 Fernand\u00edn, 19, C.P. 33450 Piedras Blancas, Asturias.<\/p>\n<p style=\"text-align: justify;\"><strong>9. Ejercicio de derechos<\/strong><\/p>\n<p>El Usuario Puede ejercer sus derechos de acceso, cancelaci\u00f3n, rectificaci\u00f3n y oposici\u00f3n mediante un escrito a nuestra direcci\u00f3n: MASPAPEL, C\/ Jos\u00e9 Fernand\u00edn, 19, C.P. 33450 Piedras Blancas, Asturias, en cualquier momento y de manera gratuita, para:<\/p>\n<p style=\"text-align: justify;\">Revocar los consentimientos otorgados.<\/p>\n<p style=\"text-align: justify;\">Obtener confirmaci\u00f3n acerca de si en MASPAPEL se est\u00e1n tratando datos personales que conciernen al Usuario o no.<\/p>\n<p style=\"text-align: justify;\">Acceder a sus datos personales<\/p>\n<p style=\"text-align: justify;\">Rectificar los datos inexactos o incompletos.<\/p>\n<p style=\"text-align: justify;\">Solicitar la supresi\u00f3n de sus datos cuando, entre otros motivos, los datos ya no sean necesarios para los fines que fueron recogidos.<\/p>\n<p style=\"text-align: justify;\">Solicitar la portabilidad de sus datos as\u00ed como la limitaci\u00f3n del tratamiento, en los supuestos previstos en la normativa de protecci\u00f3n de datos.<\/p>\n<p style=\"text-align: justify;\"><strong>10. Medidas de seguridad<\/strong><\/p>\n<p>La seguridad de la informaci\u00f3n es uno de nuestros compromisos y en cumplimiento de la legislaci\u00f3n vigente, MASPAPEL tratar\u00e1 los datos del Usuario en todo momento de forma absolutamente confidencial y guardando el preceptivo deber de secreto respecto de los mismos, de conformidad con lo previsto en la normativa de aplicaci\u00f3n y adoptando al efecto las medidas de seguridad de \u00edndole t\u00e9cnica y organizativas necesarias que garanticen la seguridad de sus datos y eviten su alteraci\u00f3n, p\u00e9rdida, tratamiento o acceso no autorizado, habida cuenta del estado de la tecnolog\u00eda, la naturaleza de los datos almacenados y los riesgos a que est\u00e1n expuestos.<\/p>\n<p style=\"text-align: justify;\">\u00daltima actualizaci\u00f3n: MARZO 2022<\/p>\n<p style=\"text-align: justify;\">Copyright \u00a9 \u201cMASPAPEL\u201d Todos los derechos reservados.<\/p>\n<p>[\/et_pb_text][\/et_pb_column][\/et_pb_row][\/et_pb_section]<\/p>\n","protected":false},"excerpt":{"rendered":"<p>Pol\u00edtica de Privacidad Identificaci\u00f3n Titular: Emilio Jos\u00e9 P\u00e9rez Rebollo (NOMBRE COMERCIAL \u201cMASPAPEL\u201d) NIF: 71.878.290R Domicilio social: C\/ Jos\u00e9 Fernand\u00edn, 19, C.P. 33450 Piedras Blancas, Asturias. Encargado del tratamiento de protecci\u00f3n de datos: El Usuario puede contactar con la empresa mediante escrito dirigido al domicilio de \u201cMASPAPEL\u201d a la atenci\u00f3n del \u201cDelegado de Protecci\u00f3n de Datos\u201d. [&hellip;]<\/p>\n","protected":false},"author":1,"featured_media":0,"parent":0,"menu_order":0,"comment_status":"closed","ping_status":"closed","template":"","meta":{"_et_pb_use_builder":"on","_et_pb_old_content":"<!-- wp:divi\/placeholder \/-->","_et_gb_content_width":"","_joinchat":[],"footnotes":""},"class_list":["post-18","page","type-page","status-publish","hentry"],"_links":{"self":[{"href":"https:\/\/maspapelpiedras.com\/index.php\/wp-json\/wp\/v2\/pages\/18","targetHints":{"allow":["GET"]}}],"collection":[{"href":"https:\/\/maspapelpiedras.com\/index.php\/wp-json\/wp\/v2\/pages"}],"about":[{"href":"https:\/\/maspapelpiedras.com\/index.php\/wp-json\/wp\/v2\/types\/page"}],"author":[{"embeddable":true,"href":"https:\/\/maspapelpiedras.com\/index.php\/wp-json\/wp\/v2\/users\/1"}],"replies":[{"embeddable":true,"href":"https:\/\/maspapelpiedras.com\/index.php\/wp-json\/wp\/v2\/comments?post=18"}],"version-history":[{"count":4,"href":"https:\/\/maspapelpiedras.com\/index.php\/wp-json\/wp\/v2\/pages\/18\/revisions"}],"predecessor-version":[{"id":3094,"href":"https:\/\/maspapelpiedras.com\/index.php\/wp-json\/wp\/v2\/pages\/18\/revisions\/3094"}],"wp:attachment":[{"href":"https:\/\/maspapelpiedras.com\/index.php\/wp-json\/wp\/v2\/media?parent=18"}],"curies":[{"name":"wp","href":"https:\/\/api.w.org\/{rel}","templated":true}]}}